 of 2187149131.
73, 271, 110557
List the prime factors of 305231417.
149, 2048533
List the prime factors of 257453951.
257453951
What are the prime factors of 1251175130?
2, 5, 29, 809, 5333
What are the prime factors of 2894248684?
2, 723562171
List the prime factors of 71825934.
2, 3, 3001, 3989
What are the prime factors of 565910781?
3, 509, 370603
What are the prime factors of 156185865?
3, 5, 11, 315527
What are the prime factors of 64754345?
5, 43, 301183
What are the prime factors of 113998928?
2, 263, 27091
List the prime factors of 2023773.
3, 31, 47, 463
List the prime factors of 125694848.
2, 41, 43, 557
List the prime factors of 262471046.
2, 8167, 16069
What are the prime factors of 1564064976?
2, 3, 677, 48131
List the prime factors of 18463187.
18463187
List the prime factors of 104208277.
8147, 12791
List the prime factors of 500794852.
2, 29, 37, 116681
List the prime factors of 2780205415.
5, 13, 17, 229, 10987
List the prime factors of 154348982.
2, 77174491
List the prime factors of 482306531.
7, 373, 184721
What are the prime factors of 287063892?
2, 3, 2657999
What are the prime factors of 384439747?
29, 863, 15361
What are the prime factors of 1081318618?
2, 449, 1204141
What are the prime factors of 515822220?
2, 3, 5, 2865679
What are the prime factors of 4361692?
2, 1090423
List the prime factors of 982302495.
3, 5, 191, 342863
What are the prime factors of 85317588?
2, 3, 1109, 2137
What are the prime factors of 418340950?
2, 5, 29, 263, 1097
List the prime factors of 5944012705.
5, 23, 51687067
List the prime factors of 146923496.
2, 67, 269, 1019
What are the prime factors of 1510205?
5, 367, 823
What are the prime factors of 47688417?
3, 7, 17, 6361
What are the prime factors of 110661884?
2, 251, 110221
List the prime factors of 118346118.
2, 3, 11, 1793123
What are the prime factors of 494155600?
2, 5, 1235389
List the prime factors of 2249293792.
2, 70290431
List the prime factors of 909274213.
83, 599, 18289
List the prime factors of 743904188.
2, 19, 101, 199, 487
List the prime factors of 208267.
17, 12251
What are the prime factors of 611519943?
3, 12829, 15889
What are the prime factors of 112379015?
5, 7, 19, 168991
What are the prime factors of 1234052384?
2, 4423, 8719
What are the prime factors of 2677143878?
2, 1338571939
What are the prime factors of 1787801081?
11, 162527371
List the prime factors of 9503642.
2, 53, 89657
What are the prime factors of 39933480?
2, 3, 5, 332779
List the prime factors of 2087871170.
2, 5, 7, 11, 2711521
What are the prime factors of 3661526171?
199, 349, 52721
List the prime factors of 276671155.
5, 55334231
What are the prime factors of 860991898?
2, 13, 277, 119549
What are the prime factors of 9811087?
11, 13, 19, 23, 157
What are the prime factors of 12654574?
2, 6327287
What are the prime factors of 626310268?
2, 271, 373, 1549
List the prime factors of 1323575786.
2, 13, 239, 212999
List the prime factors of 300404019.
3, 100134673
What are the prime factors of 2925440025?
3, 5, 151, 258317
What are the prime factors of 5349571412?
2, 61, 21924473
List the prime factors of 153498133.
257, 597269
What are the prime factors of 219394326?
2, 3, 103, 355007
List the prime factors of 598210328.
2, 74776291
What are the prime factors of 77705953?
13, 19, 314599
What are the prime factors of 426919813?
23, 181, 102551
What are the prime factors of 4465358620?
2, 5, 223267931
What are the prime factors of 43850306?
2, 31, 127, 5569
List the prime factors of 1433637763.
787, 1821649
List the prime factors of 220516649.
1583, 139303
What are the prime factors of 223783876?
2, 55945969
What are the prime factors of 210062131?
210062131
List the prime factors of 664833157.
14929, 44533
List the prime factors of 758643891.
3, 23, 163, 67453
List the prime factors of 71868426.
2, 3, 7, 1711153
What are the prime factors of 2214113558?
2, 17, 31, 71, 29587
List the prime factors of 582003703.
31, 139, 4357
List the prime factors of 1848403344.
2, 3, 577, 66739
List the prime factors of 5950243405.
5, 23, 1549, 33403
What are the prime factors of 37564495?
5, 353, 21283
What are the prime factors of 5059321254?
2, 3, 13, 19, 311, 3659
List the prime factors of 8748439.
7, 47, 26591
What are the prime factors of 660407642?
2, 330203821
What are the prime factors of 491540703?
3, 17, 9638053
List the prime factors of 303697337.
911, 333367
List the prime factors of 70919826.
2, 3, 103, 114757
What are the prime factors of 150870464?
2, 2357351
What are the prime factors of 930097230?
2, 3, 5, 23, 1347967
What are the prime factors of 369105243?
3, 13, 29, 326353
What are the prime factors of 164204644?
2, 31, 89, 14879
What are the prime factors of 870012786?
2, 3, 145002131
List the prime factors of 2012402956.
2, 5749, 87511
What are the prime factors of 55888342?
2, 173, 161527
What are the prime factors of 57604271?
89, 733, 883
What are the prime factors of 34318511?
34318511
List the prime factors of 100979796.
2, 3, 17, 277, 1787
List the prime factors of 1191427133.
13, 17, 5391073
What are the prime factors of 48625018?
2, 13, 263, 547
What are the prime factors of 26507935?
5, 41, 191, 677
List the prime factors of 14794653.
3, 1381, 3571
List the prime factors of 203559345.
3, 5, 11, 137077
What are the prime factors of 41153385?
3, 5, 7, 13, 59, 73
List the prime factors of 37620206.
2, 13, 41, 35291
List the prime factors of 104726178.
2, 3, 5818121
List the prime factors of 1451057057.
1451057057
List the prime factors of 232581209.
7, 33225887
List the prime factors of 178495844.
2, 37, 1206053
List the prime factors of 2039332029.
3, 7, 1523, 9109
List the prime factors of 5609156835.
3, 5, 431, 867619
List the prime factors of 827976491.
37, 22377743
What are the prime factors of 128689193?
4177, 30809
List the prime factors of 796454925.
3, 5, 7, 23, 71, 929
List the prime factors of 1142345278.
2, 23, 727, 34159
What are the prime factors of 192416369?
192416369
List the prime factors of 2798045844.
2, 3, 11, 17, 61, 20441
List the prime factors of 288343157.
23, 61, 205519
What are the prime factors of 51465511?
17, 73, 113, 367
List the prime factors of 60485127.
3, 41, 617, 797
List the prime factors of 1259592969.
3, 419864323
List the prime factors of 942773996.
2, 19, 101, 263, 467
What are the prime factors of 2384406365?
5, 11, 3023, 14341
List the prime factors of 170549106.
2, 3, 7, 13, 44623
What are the prime factors of 850029487?
28949, 29363
List the prime factors of 1635432020.
2, 5, 23, 137, 25951
What are the prime factors of 551712374?
2, 683, 403889
List the prime factors of 4737470.
2, 5, 89, 5323
What are the prime factors of 43832894?
2, 7, 23, 197, 691
What are the prime factors of 262607746?
2, 107, 251, 4889
List the prime factors of 91050603.
3, 7, 19, 228197
List the prime factors of 22565462.
2, 11282731
List the prime factors of 965776824.
2, 3, 4471189
List the prime factors of 92109322.
2, 67, 687383
What are the prime factors of 29762258?
2, 14881129
What are the prime factors of 101883830?
2, 5, 1109, 9187
List the prime factors of 23322337.
239, 97583
What are the prime factors of 395773161?
3, 7, 43, 438287
What are the prime factors of 727172179?
283, 2569513
List the prime factors of 4790963.
4790963
What are the prime factors of 1196440066?
2, 29, 37, 557521
List the prime factors of 60631732.
2, 7, 113, 19163
List the prime factors of 799064458.
2, 14293, 27953
What are the prime factors of 287636496?
2, 3, 7, 856061
List the prime factors of 8230748.
2, 31, 66377
List the prime factors of 1118289819.
3, 173, 1063, 2027
List the prime factors of 2143404586.
2, 167, 6417379
List the prime factors of 2078247.
3, 509, 1361
List the prime factors of 4586148854.
2, 7, 17, 2297, 8389
What are the prime factors of 524201311?
37, 14167603
What are the prime factors of 137766532?
2, 34441633
List the prime factors of 1775700635.
5, 355140127
List the prime factors of 3184300848.
2, 3, 223, 297487
What are the prime factors of 51030450?
2, 3, 5, 151, 751
What are the prime factors of 141493925?
5, 491, 11527
List the prime factors of 70674868.
2, 11, 1606247
What are the prime factors of 86204263?
17, 41, 337, 367
What are the